.
10055
Calculate the greatest common divisor of 75801248 and 146528.
7712
Calculate the highest common divisor of 597 and 103849344.
597
What is the highest common factor of 21160 and 60300710?
5290
What is the highest common factor of 33847004 and 4820?
964
What is the highest common factor of 66116160 and 6435?
495
What is the greatest common divisor of 13 and 3276169?
13
What is the highest common divisor of 38584 and 465724?
28
Calculate the greatest common factor of 85203 and 4203.
9
What is the greatest common divisor of 578747794 and 9946?
9946
What is the greatest common factor of 43125 and 415?
5
What is the greatest common divisor of 202669 and 474631?
521
Calculate the highest common factor of 2017182 and 42282.
174
Calculate the highest common factor of 12238486 and 312.
26
What is the greatest common factor of 28386 and 4656798?
1494
Calculate the greatest common factor of 203745 and 22560.
705
What is the highest common divisor of 1400 and 15796760?
280
Calculate the highest common divisor of 54 and 312591627.
9
What is the highest common factor of 45 and 39779940?
15
Calculate the greatest common divisor of 1424 and 8003592.
712
Calculate the greatest common divisor of 450548 and 2268.
28
What is the greatest common factor of 117935139 and 447?
447
What is the highest common factor of 1508 and 47008?
52
Calculate the greatest common factor of 3801563 and 713017.
3583
What is the greatest common factor of 9 and 911299?
1
Calculate the highest common divisor of 593 and 8931173.
593
What is the greatest common divisor of 87360 and 326130?
210
Calculate the highest common factor of 569567 and 14606.
67
What is the greatest common divisor of 3097 and 48934393?
163
What is the greatest common factor of 272 and 291848707?
17
Calculate the greatest common divisor of 1926 and 6803892.
18
Calculate the greatest common factor of 32361483 and 21.
21
What is the highest common divisor of 872 and 3144?
8
Calculate the highest common divisor of 420 and 410168052.
84
What is the greatest common factor of 141785 and 36085?
35
What is the highest common factor of 180472 and 21032?
8
Calculate the greatest common factor of 67076403 and 114.
57
Calculate the highest common divisor of 2171 and 29887.
13
What is the greatest common divisor of 51715 and 1360?
5
Calculate the greatest common factor of 498076 and 371884.
956
Calculate the greatest common factor of 86753745 and 13.
13
What is the highest common divisor of 993327 and 11781?
51
What is the greatest common factor of 89054018 and 734?
734
Calculate the greatest common factor of 120 and 240028872.
24
Calculate the highest common factor of 90744256 and 79424.
4672
Calculate the greatest common divisor of 13881494 and 60137.
781
What is the greatest common divisor of 77 and 344517495?
7
What is the highest common factor of 344 and 6121996?
172
Calculate the greatest common divisor of 64 and 2635.
1
Calculate the highest common factor of 84 and 5872056.
12
What is the highest common divisor of 1652205 and 1695?
15
Calculate the highest common divisor of 36 and 7100250.
6
Calculate the greatest common factor of 571350 and 2051400.
1950
What is the highest common factor of 15004 and 1926805?
31
Calculate the highest common divisor of 6522804 and 11692.
148
What is the greatest common factor of 514 and 394264985?
257
What is the highest common divisor of 11574 and 232122357?
5787
What is the highest common divisor of 367972 and 101464?
44
Calculate the highest common divisor of 5216002 and 3916.
22
Calculate the highest common divisor of 432240 and 10080.
240
Calculate the greatest common factor of 3866513122 and 12794.
12794
Calculate the highest common factor of 1216 and 19004218.
38
What is the greatest common factor of 651140851 and 11162?
5581
Calculate the greatest common divisor of 107712 and 4021776.
1584
Calculate the greatest common divisor of 36227 and 901255.
17
Calculate the greatest common factor of 126007230 and 120.
30
Calculate the greatest common factor of 2005 and 183265.
5
Calculate the highest common divisor of 69381505 and 13515.
4505
Calculate the highest common divisor of 2388 and 21024.
12
Calculate the highest common factor of 88 and 21744481.
11
Calculate the greatest common divisor of 955062 and 211266.
1746
Calculate the greatest common factor of 411140 and 5795.
305
Calculate the highest common factor of 441 and 292131.
63
What is the highest common divisor of 4166256 and 72?
24
What is the greatest common factor of 18130 and 2333100?
70
Calculate the greatest common factor of 925108304 and 4.
4
Calculate the highest common factor of 184933062 and 148832.
9302
What is the greatest common divisor of 12582329 and 53074?
3791
What is the greatest common divisor of 22374 and 2211?
33
Calculate the highest common divisor of 464108610 and 1743.
1743
What is the greatest common divisor of 816 and 40588656?
816
Calculate the highest common factor of 1692 and 226378884.
564
What is the highest common factor of 3932637 and 5757?
303
Calculate the highest common factor of 132 and 5195436.
12
Calculate the greatest common divisor of 8252511 and 13576.
1697
Calculate the greatest common divisor of 79134 and 1192455.
363
What is the highest common factor of 138119 and 69797?
59
Calculate the greatest common factor of 627 and 28496886.
33
Calculate the greatest common divisor of 17010 and 92040.
30
What is the greatest common factor of 3194 and 1018405303?
1597
What is the greatest common divisor of 7910973 and 4997?
19
What is the greatest common divisor of 260 and 199873115?
65
What is the greatest common factor of 226644725 and 856?
107
Calculate the highest common factor of 98829270 and 246.
246
Calculate the greatest common factor of 3701751 and 19.
19
Calculate the greatest common factor of 32439882 and 192.
6
What is the highest common divisor of 900876 and 18204?
444
What is the greatest common divisor of 8335 and 23225?
5
What is the highest common factor of 2805 and 23956995?
255
What is the greatest common factor of 235330 and 92035?
1165
Calculate the greatest common divisor of 5004 and 38522043.
1251
What is the highest common factor of 120261080 and 69238?
5326
Calculate the greatest common factor of 53 and 50142.
1
What is the highest common divisor of 42016224 and 2?
2
What is the highest common factor of 5512 and 2502872?
424
Calculate the highest common divisor of 14388549 and 21.
21
What is the greatest common factor of 119737080 and 630?
90
What is the greatest common divisor of 25247325 and 24?
3
What is the highest common divisor of 3006 and 11296512?
18
What is the highest common divisor of 2498310 and 190?
190
What is the greatest common divisor of 726 and 139750?
2
Calculate the highest common factor of 249558 and 138.
6
What is the highest common factor of 26733 and 373597?
133
What is the greatest common divisor of 88922936 and 7772?
268
What is the greatest common factor of 18848 and 1719136?
992
Calculate the greatest common factor of 63249 and 24099.
87
Calculate the greatest common factor of 42688 and 770008.
232
What is the highest common factor of 45 and 578977515?
45
Calculate the highest common divisor of 348 and 2357868.
12
Calculate the highest common factor of 2800 and 3001117.
7
What is the highest common divisor of 45 and 135798291?
9
What is the highest common divisor of 1088962 and 504?
14
Calculate the greatest common divisor of 1549384 and 2765624.
5288
What is the greatest common divisor of 131081 and 6289?
19
What is the highest common factor of 4266 and 296882?
158
What is the greatest common divisor of 346944 and 4732116?
1668
Calculate the greatest common divisor of 9218 and 3228280.
22
What is the highest common divisor of 155 and 8551474?
31
What is the highest common factor of 126836 and 90428?
148
What is the greatest common divisor of 1305612 and 40062?
66
What is the greatest common factor of 425 and 3266864075?
425
Calculate the greatest common divisor of 24 and 16065690.
6
Calculate the highest common divisor of 126567 and 1189.
41
What is the greatest common factor of 991528 and 20?
4
Calculate the highest common divisor of 21147 and 78225.
21
Calculate the greatest common divisor of 25797174 and 103.
103
What is the gre